{"id":45,"date":"2018-10-28T00:58:15","date_gmt":"2018-10-27T22:58:15","guid":{"rendered":"http:\/\/latino-docs.org\/?page_id=45"},"modified":"2024-11-04T20:57:32","modified_gmt":"2024-11-04T19:57:32","slug":"samedi-23","status":"publish","type":"page","link":"https:\/\/latino-docs.org\/index.php\/samedi-23\/","title":{"rendered":"Samedi 23"},"content":{"rendered":"<h1 style=\"text-align: center;\" align=\"justify\"><strong>Samedi 20 novembre<\/strong><\/h1>\n<h2 id=\"magicdomid86\" class=\"ace-line\" style=\"text-align: center;\"><span class=\"u\">Soir\u00e9e R\u00e9sistance et autogestion<\/span><\/h2>\n<h3 class=\"ace-line\" style=\"text-align: center;\"><span class=\"\">La Chapelle<\/span>\u00a0|\u00a0<span class=\"\">36 rue Danielle Casanova<\/span>\u00a0|\u00a0<span class=\"\">31000 Toulouse<\/span><\/h3>\n<h2 id=\"magicdomid86\" class=\"ace-line\" style=\"text-align: center;\"><\/h2>\n<p>&nbsp;<\/p>\n<h2 style=\"text-align: center;\"><strong>17h :\u00a0<\/strong><em><b>La gran juntanza, cr\u00f3nica de un pa\u00eds en\u00a0resistencia\u00a0<\/b><\/em><\/h2>\n<p style=\"text-align: center;\"><span style=\"font-weight: 400;\">Tomas Mendes, Colombie, 2021, (espagnol) vostfr, 31 min<\/span><\/p>\n<p><img loading=\"lazy\" class=\"size-full wp-image-640 aligncenter\" src=\"http:\/\/latino-docs.org\/wp-content\/uploads\/2021\/10\/Capture-d\u2019\u00e9cran-2021-10-16-\u00e0-22.07.59.png\" alt=\"\" width=\"970\" height=\"672\" srcset=\"https:\/\/latino-docs.org\/wp-content\/uploads\/2021\/10\/Capture-d\u2019\u00e9cran-2021-10-16-\u00e0-22.07.59.png 970w, https:\/\/latino-docs.org\/wp-content\/uploads\/2021\/10\/Capture-d\u2019\u00e9cran-2021-10-16-\u00e0-22.07.59-300x208.png 300w, https:\/\/latino-docs.org\/wp-content\/uploads\/2021\/10\/Capture-d\u2019\u00e9cran-2021-10-16-\u00e0-22.07.59-768x532.png 768w, https:\/\/latino-docs.org\/wp-content\/uploads\/2021\/10\/Capture-d\u2019\u00e9cran-2021-10-16-\u00e0-22.07.59-800x554.png 800w\" sizes=\"(max-width: 970px) 100vw, 970px\" \/><\/p>\n<p>&nbsp;<\/p>\n<p style=\"text-align: center;\">En mai 2021, lors du deuxi\u00e8me pic de la pand\u00e9mie de Covid-19, des milliers de Colombien\u00b7nes sont descendu\u00b7es dans les rues des villes et des villages pour protester en masse. La protestation a \u00e9galement \u00e9t\u00e9 ressentie dans les villages ruraux, o\u00f9 la population a d\u00e9fil\u00e9 le long des routes sinueuses. La Colombie a connu une explosion sociale historique.<\/p>\n<p style=\"text-align: center;\">La Gran juntanza est un voyage \u00e0 travers diff\u00e9rents points de r\u00e9sistance sur le territoire colombien, o\u00f9 les citoyen\u00b7nes se sont uni\u00b7es pour r\u00e9clamer un avenir diff\u00e9rent de celui offert par la guerre et la mis\u00e8re.<\/p>\n<p style=\"text-align: center;\">C&rsquo;est l&rsquo;histoire de ceux\u00b7celles qui r\u00e9sistent en cherchant la paix pour leurs territoires par la lutte collective et l&rsquo;unit\u00e9, m\u00eame au risque de leur vie.<\/p>\n<p style=\"text-align: center;\">&#8212;<\/p>\n<p style=\"text-align: center;\"><em>En mayo de 2021, durante el segundo pico de contagios de la pandemia por Covid-19, miles de colombianxs salieron masivamente a protestar a las calles de las ciudades y de los pueblos. La protesta tambi\u00e9n se sinti\u00f3 en las veredas campesinas, donde la poblaci\u00f3n sali\u00f3 a marchar por las sinuosas y maltrechas v\u00edas. Colombia vivi\u00f3 un estallido social hist\u00f3rico.<\/em><\/p>\n<p style=\"text-align: center;\"><em>La Gran juntanza es un recorrido por diferentes puntos de resistencia en el territorio colombiano, donde lxs ciudadanxs se unieron para exigir un futuro distinto a una oferta de guerra y miseria.<\/em><\/p>\n<p style=\"text-align: center;\"><em>Es la historia de quienes resisten buscando la paz para sus territorios mediante la lucha colectiva y la unidad, aunque peligre su vida.<\/em><\/p>\n<p>&nbsp;<\/p>\n<p>&nbsp;<\/p>\n<h2 style=\"text-align: center;\"><strong>19h30 :\u00a0<\/strong><em><b>Un po\u00e8te en Amazonie<\/b><\/em><\/h2>\n<p style=\"text-align: center;\"><span style=\"font-weight: 400;\">Jos\u00e9 Huerta, Br\u00e9sil, (portugais-br\u00e9silien) vostfr, 2021<\/span><\/p>\n<p><img loading=\"lazy\" class=\"alignnone size-large wp-image-641\" src=\"http:\/\/latino-docs.org\/wp-content\/uploads\/2021\/10\/Capture-d\u2019\u00e9cran-2021-10-16-\u00e0-22.10.49-1024x511.png\" alt=\"\" width=\"1024\" height=\"511\" srcset=\"https:\/\/latino-docs.org\/wp-content\/uploads\/2021\/10\/Capture-d\u2019\u00e9cran-2021-10-16-\u00e0-22.10.49-1024x511.png 1024w, https:\/\/latino-docs.org\/wp-content\/uploads\/2021\/10\/Capture-d\u2019\u00e9cran-2021-10-16-\u00e0-22.10.49-300x150.png 300w, https:\/\/latino-docs.org\/wp-content\/uploads\/2021\/10\/Capture-d\u2019\u00e9cran-2021-10-16-\u00e0-22.10.49-768x383.png 768w, https:\/\/latino-docs.org\/wp-content\/uploads\/2021\/10\/Capture-d\u2019\u00e9cran-2021-10-16-\u00e0-22.10.49-800x399.png 800w, https:\/\/latino-docs.org\/wp-content\/uploads\/2021\/10\/Capture-d\u2019\u00e9cran-2021-10-16-\u00e0-22.10.49.png 1114w\" sizes=\"(max-width: 1024px) 100vw, 1024px\" \/><\/p>\n<p style=\"text-align: center;\"><a href=\"https:\/\/vimeopro.com\/huerta\/jose-huerta\/video\/464746832\"><span style=\"color: #800080;\"><strong>Voir le trailer<\/strong><\/span><\/a><\/p>\n<p style=\"text-align: center;\">Un po\u00e8te en Amazonie s&rsquo;inscrit dans le contexte du choc \u00e9motionnel provoqu\u00e9 par l&rsquo;arriv\u00e9e de Bolsonaro au pouvoir d\u00e9but 2019. A travers le parcours de C\u00e9sar, ses rencontres et son caf\u00e9 de la po\u00e9sie, devenu lieu de r\u00e9sistance \u00e0 travers les mots, Jos\u00e9 Huerta propose une r\u00e9flexion intime d&rsquo;un Br\u00e9sil fractur\u00e9 et donne la parole aux citoyen\u00b7ne\u00b7s exclu\u00b7e\u00b7s de ce nouveau r\u00e9gime politique : peuples indig\u00e8nes, paysan.ne.s, populations d\u00e9munies, personnes LGBTQ+, etc.<\/p>\n<p style=\"text-align: center;\">&#8212;<\/p>\n<p style=\"text-align: center;\"><i>Um poeta na Amaz\u00f4nia \u00e9 colocado contra o pano de fundo do choque emocional causado pela chegada de Bolsonaro ao poder no in\u00edcio de 2019. Atrav\u00e9s da viagem de C\u00e9sar, seus encontros e seu caf\u00e9 de poesia, que se tornou um lugar de resist\u00eancia atrav\u00e9s das palavras, Jos\u00e9 Huerta oferece um reflexo \u00edntimo de um Brasil fraturado e d\u00e1 voz aos cidad\u00e3os exclu\u00eddos deste novo regime pol\u00edtico: povos ind\u00edgenas, camponeses, popula\u00e7\u00f5es pobres, pessoas LGBTQ+, etc.\u00a0<\/i><\/p>\n<h3 style=\"text-align: center;\"><strong>Suivi d\u2019une discussion en pr\u00e9sence du r\u00e9alisateur et du protagoniste du documentaire.<\/strong><\/h3>\n<h3><\/h3>\n<h3 style=\"text-align: center;\"><strong>Repas sur place<\/strong><\/h3>\n<h3 style=\"text-align: center;\"><strong>S\u00e9ances \u00e0 prix libre et conscient<\/strong><\/h3>\n<h3 style=\"text-align: center;\" align=\"justify\"><a href=\"http:\/\/www.atelierideal.lautre.net\"><strong>La Chapelle, l&rsquo;Atelier Id\u00e9al\u00a0<\/strong><\/a><\/h3>\n<h3 style=\"text-align: center;\">Lieu d&rsquo;exp\u00e9rimentation sociale, politique et culturelle depuis 1993<\/h3>\n<h3 style=\"text-align: center;\" align=\"justify\">36 rue Danielle Casanova<\/h3>\n<h3 style=\"text-align: center;\" align=\"justify\">\u00a031000 Toulouse<\/h3>\n<p>&nbsp;<\/p>\n","protected":false},"excerpt":{"rendered":"<p>Samedi 20 novembre Soir\u00e9e R\u00e9sistance et autogestion La Chapelle\u00a0|\u00a036 rue Danielle Casanova\u00a0|\u00a031000 Toulouse &nbsp; 17h :\u00a0La gran juntanza, cr\u00f3nica de un pa\u00eds en\u00a0resistencia\u00a0 Tomas Mendes, Colombie, 2021, (espagnol) vostfr, 31 min &nbsp; En mai 2021, lors du deuxi\u00e8me pic de la pand\u00e9mie de Covid-19, des milliers de Colombien\u00b7nes sont descendu\u00b7es dans les rues des villes et des villages pour protester<\/p>\n<p><a class=\"more-link\" href=\"https:\/\/latino-docs.org\/index.php\/samedi-23\/\">Read More<\/a><\/p>\n","protected":false},"author":1,"featured_media":0,"parent":0,"menu_order":0,"comment_status":"closed","ping_status":"closed","template":"","meta":[],"_links":{"self":[{"href":"https:\/\/latino-docs.org\/index.php\/wp-json\/wp\/v2\/pages\/45"}],"collection":[{"href":"https:\/\/latino-docs.org\/index.php\/wp-json\/wp\/v2\/pages"}],"about":[{"href":"https:\/\/latino-docs.org\/index.php\/wp-json\/wp\/v2\/types\/page"}],"author":[{"embeddable":true,"href":"https:\/\/latino-docs.org\/index.php\/wp-json\/wp\/v2\/users\/1"}],"replies":[{"embeddable":true,"href":"https:\/\/latino-docs.org\/index.php\/wp-json\/wp\/v2\/comments?post=45"}],"version-history":[{"count":40,"href":"https:\/\/latino-docs.org\/index.php\/wp-json\/wp\/v2\/pages\/45\/revisions"}],"predecessor-version":[{"id":1032,"href":"https:\/\/latino-docs.org\/index.php\/wp-json\/wp\/v2\/pages\/45\/revisions\/1032"}],"wp:attachment":[{"href":"https:\/\/latino-docs.org\/index.php\/wp-json\/wp\/v2\/media?parent=45"}],"curies":[{"name":"wp","href":"https:\/\/api.w.org\/{rel}","templated":true}]}}

<h1 style="text-align: center;" align="justify"><strong>Samedi 20 novembre</strong></h1>
<h2 id="magicdomid86" class="ace-line" style="text-align: center;"><span class="u">Soirée Résistance et autogestion</span></h2>
<h3 class="ace-line" style="text-align: center;"><span class="">La Chapelle</span> | <span class="">36 rue Danielle Casanova</span> | <span class="">31000 Toulouse</span></h3>
<h2 id="magicdomid86" class="ace-line" style="text-align: center;"></h2>
<p>&nbsp;</p>
<h2 style="text-align: center;"><strong>17h : </strong><em><b>La gran juntanza, crónica de un país en resistencia </b></em></h2>
<p style="text-align: center;"><span style="font-weight: 400;">Tomas Mendes, Colombie, 2021, (espagnol) vostfr, 31 min</span></p>
<p><img loading="lazy" class="size-full wp-image-640 aligncenter" src="http://latino-docs.org/wp-content/uploads/2021/10/Capture-d’écran-2021-10-16-à-22.07.59.png" alt="" width="970" height="672" srcset="https://latino-docs.org/wp-content/uploads/2021/10/Capture-d’écran-2021-10-16-à-22.07.59.png 970w, https://latino-docs.org/wp-content/uploads/2021/10/Capture-d’écran-2021-10-16-à-22.07.59-300x208.png 300w, https://latino-docs.org/wp-content/uploads/2021/10/Capture-d’écran-2021-10-16-à-22.07.59-768x532.png 768w, https://latino-docs.org/wp-content/uploads/2021/10/Capture-d’écran-2021-10-16-à-22.07.59-800x554.png 800w" sizes="(max-width: 970px) 100vw, 970px" /></p>
<p>&nbsp;</p>
<p style="text-align: center;">En mai 2021, lors du deuxième pic de la pandémie de Covid-19, des milliers de Colombien·nes sont descendu·es dans les rues des villes et des villages pour protester en masse. La protestation a également été ressentie dans les villages ruraux, où la population a défilé le long des routes sinueuses. La Colombie a connu une explosion sociale historique.</p>
<p style="text-align: center;">La Gran juntanza est un voyage à travers différents points de résistance sur le territoire colombien, où les citoyen·nes se sont uni·es pour réclamer un avenir différent de celui offert par la guerre et la misère.</p>
<p style="text-align: center;">C&rsquo;est l&rsquo;histoire de ceux·celles qui résistent en cherchant la paix pour leurs territoires par la lutte collective et l&rsquo;unité, même au risque de leur vie.</p>
<p style="text-align: center;">&#8212;</p>
<p style="text-align: center;"><em>En mayo de 2021, durante el segundo pico de contagios de la pandemia por Covid-19, miles de colombianxs salieron masivamente a protestar a las calles de las ciudades y de los pueblos. La protesta también se sintió en las veredas campesinas, donde la población salió a marchar por las sinuosas y maltrechas vías. Colombia vivió un estallido social histórico.</em></p>
<p style="text-align: center;"><em>La Gran juntanza es un recorrido por diferentes puntos de resistencia en el territorio colombiano, donde lxs ciudadanxs se unieron para exigir un futuro distinto a una oferta de guerra y miseria.</em></p>
<p style="text-align: center;"><em>Es la historia de quienes resisten buscando la paz para sus territorios mediante la lucha colectiva y la unidad, aunque peligre su vida.</em></p>
<p>&nbsp;</p>
<p>&nbsp;</p>
<h2 style="text-align: center;"><strong>19h30 : </strong><em><b>Un poète en Amazonie</b></em></h2>
<p style="text-align: center;"><span style="font-weight: 400;">José Huerta, Brésil, (portugais-brésilien) vostfr, 2021</span></p>
<p><img loading="lazy" class="alignnone size-large wp-image-641" src="http://latino-docs.org/wp-content/uploads/2021/10/Capture-d’écran-2021-10-16-à-22.10.49-1024x511.png" alt="" width="1024" height="511" srcset="https://latino-docs.org/wp-content/uploads/2021/10/Capture-d’écran-2021-10-16-à-22.10.49-1024x511.png 1024w, https://latino-docs.org/wp-content/uploads/2021/10/Capture-d’écran-2021-10-16-à-22.10.49-300x150.png 300w, https://latino-docs.org/wp-content/uploads/2021/10/Capture-d’écran-2021-10-16-à-22.10.49-768x383.png 768w, https://latino-docs.org/wp-content/uploads/2021/10/Capture-d’écran-2021-10-16-à-22.10.49-800x399.png 800w, https://latino-docs.org/wp-content/uploads/2021/10/Capture-d’écran-2021-10-16-à-22.10.49.png 1114w" sizes="(max-width: 1024px) 100vw, 1024px" /></p>
<p style="text-align: center;"><a href="https://vimeopro.com/huerta/jose-huerta/video/464746832"><span style="color: #800080;"><strong>Voir le trailer</strong></span></a></p>
<p style="text-align: center;">Un poète en Amazonie s&rsquo;inscrit dans le contexte du choc émotionnel provoqué par l&rsquo;arrivée de Bolsonaro au pouvoir début 2019. A travers le parcours de César, ses rencontres et son café de la poésie, devenu lieu de résistance à travers les mots, José Huerta propose une réflexion intime d&rsquo;un Brésil fracturé et donne la parole aux citoyen·ne·s exclu·e·s de ce nouveau régime politique : peuples indigènes, paysan.ne.s, populations démunies, personnes LGBTQ+, etc.</p>
<p style="text-align: center;">&#8212;</p>
<p style="text-align: center;"><i>Um poeta na Amazônia é colocado contra o pano de fundo do choque emocional causado pela chegada de Bolsonaro ao poder no início de 2019. Através da viagem de César, seus encontros e seu café de poesia, que se tornou um lugar de resistência através das palavras, José Huerta oferece um reflexo íntimo de um Brasil fraturado e dá voz aos cidadãos excluídos deste novo regime político: povos indígenas, camponeses, populações pobres, pessoas LGBTQ+, etc. </i></p>
<h3 style="text-align: center;"><strong>Suivi d’une discussion en présence du réalisateur et du protagoniste du documentaire.</strong></h3>
<h3></h3>
<h3 style="text-align: center;"><strong>Repas sur place</strong></h3>
<h3 style="text-align: center;"><strong>Séances à prix libre et conscient</strong></h3>
<h3 style="text-align: center;" align="justify"><a href="http://www.atelierideal.lautre.net"><strong>La Chapelle, l&rsquo;Atelier Idéal </strong></a></h3>
<h3 style="text-align: center;">Lieu d&rsquo;expérimentation sociale, politique et culturelle depuis 1993</h3>
<h3 style="text-align: center;" align="justify">36 rue Danielle Casanova</h3>
<h3 style="text-align: center;" align="justify"> 31000 Toulouse</h3>
<p>&nbsp;</p>

<p>Samedi 20 novembre Soirée Résistance et autogestion La Chapelle | 36 rue Danielle Casanova | 31000 Toulouse &nbsp; 17h : La gran juntanza, crónica de un país en resistencia  Tomas Mendes, Colombie, 2021, (espagnol) vostfr, 31 min &nbsp; En mai 2021, lors du deuxième pic de la pandémie de Covid-19, des milliers de Colombien·nes sont descendu·es dans les rues des villes et des villages pour protester</p>
<p><a class="more-link" href="https://latino-docs.org/index.php/samedi-23/">Read More</a></p>
